-7
Let j(g) = 6*g**2 - g + 2. Let b = -11 + 18. Let w(i) = -3*i**2 - 4*i - 2. Let f be w(-2). Let a(p) = 5*p**2 + 1. Let q(z) = b*a(z) + f*j(z). Calculate q(4).
3
Suppose 0 = -0*l + 2*l - 16. Suppose -d + l = d. Let b(m) = m. Determine b(d).
4
Suppose 0 = -4*r - 4*s - 24, 0*r + 3*s + 9 = -2*r. Let l(m) = -2*m - 12. Determine l(r).
6
Let i(n) be the second derivative of -n**3/6 - n**2/2 - n. Let v be i(-2). Let a(q) = -5*q**2. Let b(x) = 10*x**2. Let t(l) = -7*a(l) - 3*b(l). Calculate t(v).
5
Let c(i) = 65*i - 62*i - 4*i**2 - i**2 + i**3. Determine c(4).
-4
Let h(n) = -n + 4. Let f(j) = -8*j + 4. Let x be f(5). Let u be 12/2*(-12)/x. Give h(u).
2
Let z(n) = 7*n + 2. Let a be z(-5). Let d be 4/(-22) + (-72)/a. Let c(k) = k**3 + d*k + k**3 - 5 - 3*k**3 + 5*k**2. Calculate c(5).
5
Suppose 0*f - 50 = -2*f. Suppose -2*k + 0 = -4*u + 2, 5*k = -f. Let m(t) = -2*t + 4. Let y(p) = -p + 2. Let o(b) = 3*m(b) - 5*y(b). Determine o(u).
4
Suppose -28 = 4*s - 4. Let d(b) be the second derivative of -b**5/20 - 7*b**4/12 - b**3 - b**2/2 - b. Determine d(s).
-1
Suppose -l - 16 - 5 = -4*y, -4 = 4*l. Suppose -5*t - 5*r = y, 18 = 3*t - r - 3*r. Let a(k) = 2*k - 2*k - t*k + 6*k - 3 + k**2. What is a(-5)?
2
Let x(a) be the second derivative of a**4/12 + 4*a**3/3 + a**2 + 5*a. What is x(-6)?
-10
Let c = -41/2 + 21. Let y(q) be the second derivative of c*q**2 - 2*q - 1/20*q**5 + 1/3*q**4 + 5/6*q**3 + 0. Calculate y(5).
1
Let g(i) = -117*i**2 - 2 + 4*i - 116*i**2 + 232*i**2. What is g(6)?
-14
Suppose 3*k + 9 = -18. Let d = -13 - k. Let q(w) = -w**2 - 3*w - 6. Give q(d).
-10
Suppose -2*h + 14 = 2*n, -3*h + 4*n = -0*n + 7. Suppose 0 = -h*s + 2*s + 7. Let v(x) = -3 + 4 - 2*x**2 - s*x**2. Determine v(1).
-8
Let j(c) be the third derivative of c**7/5040 + c**6/720 - c**5/20 - 4*c**2. Let t(f) be the third derivative of j(f). Give t(5).
6
Let m = -24 - -21. Let x(d) = -d**2 - 3*d + 1. Let y(w) = 4*w**2 + 13*w - 3. Let s(p) = -9*x(p) - 2*y(p). Give s(m).
3
Let l be (0 - 2)/(2*(-8)/(-40)). Let q(z) = z**3 + 6*z**2 + 5*z - 1. Give q(l).
-1
Suppose 0*a = -x + a + 3, 3*a = -9. Let h(v) be the third derivative of 0*v - 5/24*v**4 + 0*v**3 + 1/60*v**5 + v**2 + x. What is h(4)?
-4
Let v(n) = 9*n**2 + 9*n - 9. Let r = -7 + 12. Suppose -r + 3 = -h. Let k(b) = 4*b**2 + 4*b - 4. Let x(i) = h*v(i) - 5*k(i). What is x(-2)?
-2
Suppose -2*w + 8 = -0*w. Suppose w*j + 7 = 3*j - 5*u, 0 = 5*u + 5. Let x be (-4 - j)*(-2)/2. Let t(o) = o**3 - o**2. Determine t(x).
4
Let v(l) be the first derivative of -l**3/3 - 7*l**2/2 - 6*l - 6. Calculate v(-4).
6
Let y(m) = m**3 + 7*m**2 + 2. Let z be y(-7). Let k be 1*(-4 + (z - -2)). Let i(v) = -v + 8. Give i(k).
8
Let t be 18/(-22) + (-2)/11. Let m(w) = 6*w. What is m(t)?
-6
Suppose 4*o + 22 = -3*r + r, -5*o = -2*r + 5. Let f(a) = -a**3 - 2*a**2 + a - 1. Give f(o).
5
Let h(j) be the first derivative of j**4/4 + 5*j**3/3 - 2*j**2 + 3*j - 37. What is h(-6)?
-9
Let k(d) = 3 + 2 + d - 4 - 2*d. Suppose -5*y + q + 3*q = 29, 7 = -2*y - 3*q. What is k(y)?
6
Let a(i) = -7*i**3 + 7*i**2 + 13. Suppose -y + 8 = 3. Let m(p) = 3*p**3 - 3*p**2 - 6. Let h(f) = y*m(f) + 2*a(f). What is h(3)?
14
Let n(j) = -j - 1. Let k(i) = -3*i + 12. Let z(y) = y - 1. Let d(s) = k(s) + 5*z(s). Let g(l) = -d(l) - 6*n(l). Suppose x - 1 = -0*x. Calculate g(x).
3
Let n(a) = -a**2 - 7*a - 9. Suppose -5*x + 0*p = -4*p + 30, -5*p = 3*x + 18. Calculate n(x).
-3
Suppose 4*x = x. Let v(l) be the first derivative of l**3/6 - 3*l - 1. Let c(s) be the first derivative of v(s). Calculate c(x).
0
Let y(r) = r**3 - 3*r**2 + r - 2. Let k(h) = h**3 - 9*h**2 + h - 12. Let p be k(9). Let l be -2*(-3 + 0) + p. Give y(l).
1
Let v(z) = 8*z**3 + 18*z**2 + 7*z + 4. Let a(l) = -3*l**3 - 6*l**2 - 2*l - 1. Let w = 2 + -6. Let i(j) = w*v(j) - 11*a(j). Calculate i(7).
2
Let w(d) be the first derivative of 2 - d + 1/2*d**2 - d**3. What is w(1)?
-3
Let a(q) = -q**2 - 7*q - 4. Suppose -5*t + 65 = -8*g + 3*g, 3*t = -4*g - 17. Let l = 3 + g. Calculate a(l).
6
Let l(u) = u**2 - 9*u + 15*u - 5*u. Calculate l(-3).
6
Let n(a) = 5*a - 3*a**2 + 5*a**2 - a**2 + 4. Let z be 628/7 - 2/(-7). Let c be 4/(-6)*z/12. Give n(c).
4
Let h(a) be the first derivative of -a**4/4 + 4*a**3/3 - 5*a**2/2 + 5*a - 18. Determine h(4).
-15
Let y(q) be the second derivative of q**5/120 - q**4/12 - q**3/6 + q. Let t(f) be the second derivative of y(f). Let h be (-2)/4*-14 + -2. Calculate t(h).
3
Let n be 7/1*-1 + 2. Let t(o) = 17*o + 8*o + 10*o - 32*o + 3. Determine t(n).
-12
Suppose -3*s - 15 = 0, -9*s = -4*r - 13*s - 16. Let t(i) = -12*i. Calculate t(r).
-12
Let l(r) = r**2 - 9*r + 8. Let v be l(9). Let b = v - 4. Let n(s) = s**2 - 3*s - 9. Let z(t) = -1. Let y(g) = n(g) - 5*z(g). Give y(b).
0
Let m(j) be the second derivative of 2*j + 0 - 1/2*j**2 - 2/3*j**3. Let t(z) = z**3 - 3*z**2 - 3*z - 5. Let s be t(4). Determine m(s).
3
Let w be ((-1)/(-2))/(1/8). Let h = -1 + w. Let k(m) = h*m**2 + 2*m**2 - 4*m**3 - 4 + 3*m**3 - 5*m. Give k(4).
-8
Let b(t) be the third derivative of 0*t**3 + 0*t + 0 - 3*t**2 + 5/24*t**4. Give b(-1).
-5
Suppose 25 = 3*l + 5*z, -4*z - 1 + 14 = l. Let v(w) = w**2 - w + 4. Let n(m) = 2*m**2 - 3*m + 8. Suppose -5*k + 2 = -33. Let o(s) = k*v(s) - 4*n(s). Give o(l).
-4
Let u(l) be the first derivative of -l**3/3 - 3*l**2 - 7*l + 6. Let h be 3*(10/(-6) - 0). Determine u(h).
-2
Suppose -c = -4*c - 6. Let s(q) = 0 + 17*q - 23*q + 1. Let j(m) = -3*m + 1. Let u(o) = c*s(o) + 5*j(o). Calculate u(4).
-9
Let i(g) = -1 + g + 18 - 19. Let a(f) = -f**3 - 5*f**2 + 7*f + 9. Let h be a(-6). Let v be h*2/3 - -1. Give i(v).
1
Let v(s) be the first derivative of -s**4/2 + 2*s**3/3 + 2*s + 1. Let z = 3 - 6. Let f be 3 - (z + 5 + -1). Give v(f).
-6
Let k be 98/6 + 10/(-30). Suppose -2 - k = 3*v. Let a(z) = z + 9. What is a(v)?
3
Suppose 4*c + 9 = -4*s + 3*c, 0 = -2*s + 4*c - 18. Let f(a) be the second derivative of -a**5/20 - a**4/12 + 5*a**3/6 + 3*a**2/2 + 37*a. Calculate f(s).
6
Let k(y) = 6*y - 13*y - 1 + 2 + 6*y. Let f be (-100)/(-15) - (-2)/6. What is k(f)?
-6
Let d(z) be the second derivative of -4*z**3/3 - z**2/2 + 23*z. Determine d(1).
-9
Let h = -4 + 6. Suppose s - 4 = -2. Let r(l) = 1 + 0*l + 6*l**s + h*l + 2*l**2. What is r(-1)?
7
Let s(g) be the third derivative of -g**6/360 - g**5/60 - g**4/12 + 6*g**2. Let d(p) be the second derivative of s(p). Calculate d(-3).
4
Let h be (-1)/4 + 85/4. Let r = -23 + h. Let u(v) = v**3 + 2*v**2 - 3*v - 2. What is u(r)?
4
Let r(d) = d**3 + 6*d**2 - 3*d - 5. Suppose -2*j = 4*y + 14, -y + 5*j - 33 + 2 = 0. What is r(y)?
13
Let w(h) be the first derivative of -h**4/4 + 2*h**3/3 + 3*h - 9. Determine w(3).
-6
Let o(g) be the third derivative of g**6/120 + 7*g**5/60 + 7*g**4/24 - 7*g**3/6 + g**2. What is o(-6)?
-13
Let m(z) = 0 + 2 + 5*z + 2*z**2 + 1 - 1. Calculate m(-3).
5
Let m(h) = -2*h**2 - h + 1. Let l be m(1). Let a = 2 - l. Suppose -12 = a*o + 2*b, b = -4*o + 5*b - 36. Let k(y) = -y + 1. Calculate k(o).
6
Let z be ((-3)/9)/((-2)/12). Suppose c = g + 3, 0*g = -z*g - 2*c - 10. Let v(o) = -5 + 4*o + 2*o**2 - 8*o + 8*o. What is v(g)?
11
Suppose -4*h - 2 + 14 = 0. Let y(p) = p**2 - 7*p + 6. Let b be y(7). Let v(l) = -6 - l**2 + 6 + b*l. Determine v(h).
9
Let i = -8 - -6. Let s(y) be the third derivative of y**6/60 + y**5/15 + y**4/12 + y**2. Determine s(i).
-4
Let h be (-3 - (-5 + 4)) + 1. Let y(o) = -7*o**2. What is y(h)?
-7
Let j = 4 + 4. Suppose -8 - j = -4*g. Let h(r) = -5*r**2 - 7*r + 3*r**2 + 3*r**2 + 6. What is h(g)?
-6
Suppose 23 = 2*w + 11. Let q(s) = s**3 - 6*s**2 + 5. What is q(w)?
5
Suppose 3*l - 13 - 8 = 0. Let v(m) = -3*m + l*m - m + m**2 + m. What is v(-5)?
5
Let a(x) = x**2 - 3*x + 2. Let k be a(3). Let y(w) = -k - 3*w + 4 + 0 + 3. Let h = 13 + -9. Calculate y(h).
-7
Let v(s) = -3*s - 19. Let t be v(-6). Let o(u) = 6*u + 18. Let m(n) = -1. Let b be 2/9 + 492/(-27). Let l(c) = b*m(c) - o(c). Give l(t).
6
Let l(u) = 3*u - 3. Suppose -s - 2*s = -9. Determine l(s).
6
Let q = -3 + 11. Suppose 4*k - 8*k = q. Let r(j) be the first derivative of -j**3/3 - 3*j**2/2 - 3*j + 1. What is r(k)?
-1
Suppose -u + 3 = -2*k - 3, 2*u + k = 2. Let z(c) = -4*c**2 + c - c**3 + 4*c**2 + 2*c**u + 2 + 0*c. Determine z(3).
-4
Let y = -2 - -5. Let x = 5 - y. Let t(v) = v - 3 + 2 - x. What is t(-3)?
-6
Let k(z) = -2*z*